{"id":967,"date":"2021-03-21T18:39:18","date_gmt":"2021-03-21T17:39:18","guid":{"rendered":"http:\/\/accnr.es\/?page_id=967"},"modified":"2021-03-21T18:39:18","modified_gmt":"2021-03-21T17:39:18","slug":"citra-y-back-to-black","status":"publish","type":"page","link":"https:\/\/accnr.es\/?page_id=967","title":{"rendered":"CITRA Y BACK TO BLACK"},"content":{"rendered":"\n<p>Os dejamos la primera de las dos catas online que ACCNR ha realizado con Sergio Ruiz, de Cierzo Brewing, separada en dos v\u00eddeos.<\/p>\n\n\n\n<p>En esta primera cata Sergio nos hace una presentaci\u00f3n de su proyecto y su trayectoria y despu\u00e9s catamos las cervezas Citra (Ipa) y Back to Black (Imperial Stout).<\/p>\n\n\n\n<p>*Por un problema t\u00e9cnico, entre los dos v\u00eddeos hay un peque\u00f1o corte de unos 10 minutos.<\/p>\n\n\n\n<figure class=\"wp-block-embed is-type-video is-provider-youtube wp-block-embed-youtube wp-embed-aspect-16-9 wp-has-aspect-ratio\"><div class=\"wp-block-embed__wrapper\">\n<iframe loading=\"lazy\" title=\"Presentaci\u00f3n de Serio Ruiz y cata de Citra y Back to Black\" width=\"920\" height=\"518\" src=\"https:\/\/www.youtube.com\/embed\/C3UR1STmeG8?feature=oembed\" frameborder=\"0\" allow=\"accelerometer; autoplay; clipboard-write; encrypted-media; gyroscope; picture-in-picture\" allowfullscreen><\/iframe>\n<\/div><\/figure>\n\n\n\n<figure class=\"wp-block-embed is-type-video is-provider-youtube wp-block-embed-youtube wp-embed-aspect-16-9 wp-has-aspect-ratio\"><div class=\"wp-block-embed__wrapper\">\n<iframe loading=\"lazy\" title=\"Segunda parte Cata Cierzo Brewing con Sergio Ruiz. Citra y Back to Black\" width=\"920\" height=\"518\" src=\"https:\/\/www.youtube.com\/embed\/Ng8yEmZ3AKU?feature=oembed\" frameborder=\"0\" allow=\"accelerometer; autoplay; clipboard-write; encrypted-media; gyroscope; picture-in-picture\" allowfullscreen><\/iframe>\n<\/div><\/figure>\n","protected":false},"excerpt":{"rendered":"<p>Os dejamos la primera de las dos catas online que ACCNR ha realizado con Sergio Ruiz, de Cierzo Brewing, separada en dos v\u00eddeos. En esta primera cata Sergio nos hace una presentaci\u00f3n de su proyecto y su trayectoria y despu\u00e9s catamos las cervezas Citra (Ipa) y Back to Black (Imperial&#8230; <a class=\"continue-reading-link\" href=\"https:\/\/accnr.es\/?page_id=967\">Continue reading<\/a><\/p>\n","protected":false},"author":1,"featured_media":0,"parent":0,"menu_order":0,"comment_status":"closed","ping_status":"closed","template":"","meta":{"footnotes":""},"class_list":["post-967","page","type-page","status-publish","hentry"],"_links":{"self":[{"href":"https:\/\/accnr.es\/index.php?rest_route=\/wp\/v2\/pages\/967","targetHints":{"allow":["GET"]}}],"collection":[{"href":"https:\/\/accnr.es\/index.php?rest_route=\/wp\/v2\/pages"}],"about":[{"href":"https:\/\/accnr.es\/index.php?rest_route=\/wp\/v2\/types\/page"}],"author":[{"embeddable":true,"href":"https:\/\/accnr.es\/index.php?rest_route=\/wp\/v2\/users\/1"}],"replies":[{"embeddable":true,"href":"https:\/\/accnr.es\/index.php?rest_route=%2Fwp%2Fv2%2Fcomments&post=967"}],"version-history":[{"count":2,"href":"https:\/\/accnr.es\/index.php?rest_route=\/wp\/v2\/pages\/967\/revisions"}],"predecessor-version":[{"id":970,"href":"https:\/\/accnr.es\/index.php?rest_route=\/wp\/v2\/pages\/967\/revisions\/970"}],"wp:attachment":[{"href":"https:\/\/accnr.es\/index.php?rest_route=%2Fwp%2Fv2%2Fmedia&parent=967"}],"curies":[{"name":"wp","href":"https:\/\/api.w.org\/{rel}","templated":true}]}}