{"id":906,"date":"2021-03-04T20:53:39","date_gmt":"2021-03-04T19:53:39","guid":{"rendered":"http:\/\/accnr.es\/?page_id=906"},"modified":"2021-03-04T20:53:39","modified_gmt":"2021-03-04T19:53:39","slug":"charla-con-guillermo-fond-de-sierra-nevada","status":"publish","type":"page","link":"https:\/\/accnr.es\/?page_id=906","title":{"rendered":"CHARLA CON: GUILLERMO FOND DE SIERRA NEVADA"},"content":{"rendered":"\n<p>El 23 de mayo del 2020, pudimos disfrutar de una charla con Guillermo Fond, el embajador de marca en Espa\u00f1a de la conocida cervecera norteamericana Sierra Nevada, y presidente de la Asociaci\u00f3n Espa\u00f1ola de Beer Sommeliers y Catadores de Cerveza (AEBSCC).<\/p>\n\n\n\n<p>Guillermo nos cont\u00f3 la historia, filosof\u00eda y evoluci\u00f3n de Sierra Nevada, adem\u00e1s de hablar de algunas de sus cervezas.<\/p>\n","protected":false},"excerpt":{"rendered":"<p>El 23 de mayo del 2020, pudimos disfrutar de una charla con Guillermo Fond, el embajador de marca en Espa\u00f1a de la conocida cervecera norteamericana Sierra Nevada, y presidente de la Asociaci\u00f3n Espa\u00f1ola de Beer Sommeliers y Catadores de Cerveza (AEBSCC). Guillermo nos cont\u00f3 la historia, filosof\u00eda y evoluci\u00f3n de&#8230; <a class=\"continue-reading-link\" href=\"https:\/\/accnr.es\/?page_id=906\">Continue reading<\/a><\/p>\n","protected":false},"author":1,"featured_media":0,"parent":0,"menu_order":0,"comment_status":"closed","ping_status":"closed","template":"","meta":{"footnotes":""},"class_list":["post-906","page","type-page","status-publish","hentry"],"_links":{"self":[{"href":"https:\/\/accnr.es\/index.php?rest_route=\/wp\/v2\/pages\/906","targetHints":{"allow":["GET"]}}],"collection":[{"href":"https:\/\/accnr.es\/index.php?rest_route=\/wp\/v2\/pages"}],"about":[{"href":"https:\/\/accnr.es\/index.php?rest_route=\/wp\/v2\/types\/page"}],"author":[{"embeddable":true,"href":"https:\/\/accnr.es\/index.php?rest_route=\/wp\/v2\/users\/1"}],"replies":[{"embeddable":true,"href":"https:\/\/accnr.es\/index.php?rest_route=%2Fwp%2Fv2%2Fcomments&post=906"}],"version-history":[{"count":1,"href":"https:\/\/accnr.es\/index.php?rest_route=\/wp\/v2\/pages\/906\/revisions"}],"predecessor-version":[{"id":907,"href":"https:\/\/accnr.es\/index.php?rest_route=\/wp\/v2\/pages\/906\/revisions\/907"}],"wp:attachment":[{"href":"https:\/\/accnr.es\/index.php?rest_route=%2Fwp%2Fv2%2Fmedia&parent=906"}],"curies":[{"name":"wp","href":"https:\/\/api.w.org\/{rel}","templated":true}]}}