{"id":892,"date":"2021-03-04T20:30:37","date_gmt":"2021-03-04T19:30:37","guid":{"rendered":"http:\/\/accnr.es\/?page_id=892"},"modified":"2021-03-04T20:30:37","modified_gmt":"2021-03-04T19:30:37","slug":"cata-online-cervezas-althaia","status":"publish","type":"page","link":"https:\/\/accnr.es\/?page_id=892","title":{"rendered":"CATA ONLINE: CERVEZAS ALTHAIA"},"content":{"rendered":"\n<p>En mayo del 2020 pudimos disfrutar de dos catas online con Mayte y Jorge, miembros fundadores de Cervezas Altahia, una cervecera muy emergente que empez\u00f3 a sonar fuerte en el panorama nacional en los \u00faltimos a\u00f1os, nacida en la Marina Baixa y ubicada en el pueblo de Altea, Alicante.<\/p>\n\n\n\n<p>El 21 de mayo pudimos disfrutar de las cervezas Cap Blanc (American Pale Ale de 4,5% y 42 Ibus), Rabosa (Pumpkin ale de 6,2% y 35 Ibus) y Mascarat (Black Rye Ipa de 7,2% y 50 Ibus).<\/p>\n\n\n\n<p>El 29 de mayo disfrutamos de las cervezas Heliodora (Berliner Weisse de 4,2% y 18 Ibus), Cornamusa (American Amber de 5,7% y 30 Ibus) y Barlomelet (Imperial Stout de 10% y 45 Ibus).<\/p>\n\n\n\n<p><\/p>\n","protected":false},"excerpt":{"rendered":"<p>En mayo del 2020 pudimos disfrutar de dos catas online con Mayte y Jorge, miembros fundadores de Cervezas Altahia, una cervecera muy emergente que empez\u00f3 a sonar fuerte en el panorama nacional en los \u00faltimos a\u00f1os, nacida en la Marina Baixa y ubicada en el pueblo de Altea, Alicante. El&#8230; <a class=\"continue-reading-link\" href=\"https:\/\/accnr.es\/?page_id=892\">Continue reading<\/a><\/p>\n","protected":false},"author":1,"featured_media":0,"parent":0,"menu_order":0,"comment_status":"closed","ping_status":"closed","template":"","meta":{"footnotes":""},"class_list":["post-892","page","type-page","status-publish","hentry"],"_links":{"self":[{"href":"https:\/\/accnr.es\/index.php?rest_route=\/wp\/v2\/pages\/892","targetHints":{"allow":["GET"]}}],"collection":[{"href":"https:\/\/accnr.es\/index.php?rest_route=\/wp\/v2\/pages"}],"about":[{"href":"https:\/\/accnr.es\/index.php?rest_route=\/wp\/v2\/types\/page"}],"author":[{"embeddable":true,"href":"https:\/\/accnr.es\/index.php?rest_route=\/wp\/v2\/users\/1"}],"replies":[{"embeddable":true,"href":"https:\/\/accnr.es\/index.php?rest_route=%2Fwp%2Fv2%2Fcomments&post=892"}],"version-history":[{"count":1,"href":"https:\/\/accnr.es\/index.php?rest_route=\/wp\/v2\/pages\/892\/revisions"}],"predecessor-version":[{"id":893,"href":"https:\/\/accnr.es\/index.php?rest_route=\/wp\/v2\/pages\/892\/revisions\/893"}],"wp:attachment":[{"href":"https:\/\/accnr.es\/index.php?rest_route=%2Fwp%2Fv2%2Fmedia&parent=892"}],"curies":[{"name":"wp","href":"https:\/\/api.w.org\/{rel}","templated":true}]}}