{"id":1230,"date":"2021-07-19T20:39:41","date_gmt":"2021-07-19T18:39:41","guid":{"rendered":"http:\/\/accnr.es\/?page_id=1230"},"modified":"2021-07-19T20:39:41","modified_gmt":"2021-07-19T18:39:41","slug":"cata-de-boga-garagardoa-con-alba-y-eneko","status":"publish","type":"page","link":"https:\/\/accnr.es\/?page_id=1230","title":{"rendered":"CATA DE BOGA GARAGARDOA CON ALBA Y ENEKO"},"content":{"rendered":"\n<p>El v\u00eddeo de la cata de la Asociaci\u00f3n de Cerveceros Caseros de Navarra y La Rioja con Alba y Eneko de Boga Garagardoa. Cata con visita virtual a la f\u00e1brica y adem\u00e1s interesant\u00edsimas cervezas como Martzela, con un proyecto de recuperaci\u00f3n de la variedad de trigo Martzela, Argia, una cerveza sin gluten donde aprovechamos para conversar con los productores sobre el m\u00e9todo de eliminaci\u00f3n del gluten, Libre, muy interedsante para cerveceros caseros el como hacer cervezas casi sin alcohol, y Ainhoa, una Pastry Stout potente.<\/p>\n\n\n\n<figure class=\"wp-block-embed is-type-video is-provider-youtube wp-block-embed-youtube wp-embed-aspect-16-9 wp-has-aspect-ratio\"><div class=\"wp-block-embed__wrapper\">\n<iframe loading=\"lazy\" title=\"Cata con Eneko y Alba de Boga Garagardoa (Cerveza sin gluten, trigo, Pastry Stout y sin alcohol).\" width=\"920\" height=\"518\" src=\"https:\/\/www.youtube.com\/embed\/eqrBfEjFv9A?feature=oembed\" frameborder=\"0\" allow=\"accelerometer; autoplay; clipboard-write; encrypted-media; gyroscope; picture-in-picture\" allowfullscreen><\/iframe>\n<\/div><\/figure>\n","protected":false},"excerpt":{"rendered":"<p>El v\u00eddeo de la cata de la Asociaci\u00f3n de Cerveceros Caseros de Navarra y La Rioja con Alba y Eneko de Boga Garagardoa. Cata con visita virtual a la f\u00e1brica y adem\u00e1s interesant\u00edsimas cervezas como Martzela, con un proyecto de recuperaci\u00f3n de la variedad de trigo Martzela, Argia, una cerveza&#8230; <a class=\"continue-reading-link\" href=\"https:\/\/accnr.es\/?page_id=1230\">Continue reading<\/a><\/p>\n","protected":false},"author":1,"featured_media":0,"parent":0,"menu_order":0,"comment_status":"closed","ping_status":"closed","template":"","meta":{"footnotes":""},"class_list":["post-1230","page","type-page","status-publish","hentry"],"_links":{"self":[{"href":"https:\/\/accnr.es\/index.php?rest_route=\/wp\/v2\/pages\/1230","targetHints":{"allow":["GET"]}}],"collection":[{"href":"https:\/\/accnr.es\/index.php?rest_route=\/wp\/v2\/pages"}],"about":[{"href":"https:\/\/accnr.es\/index.php?rest_route=\/wp\/v2\/types\/page"}],"author":[{"embeddable":true,"href":"https:\/\/accnr.es\/index.php?rest_route=\/wp\/v2\/users\/1"}],"replies":[{"embeddable":true,"href":"https:\/\/accnr.es\/index.php?rest_route=%2Fwp%2Fv2%2Fcomments&post=1230"}],"version-history":[{"count":1,"href":"https:\/\/accnr.es\/index.php?rest_route=\/wp\/v2\/pages\/1230\/revisions"}],"predecessor-version":[{"id":1231,"href":"https:\/\/accnr.es\/index.php?rest_route=\/wp\/v2\/pages\/1230\/revisions\/1231"}],"wp:attachment":[{"href":"https:\/\/accnr.es\/index.php?rest_route=%2Fwp%2Fv2%2Fmedia&parent=1230"}],"curies":[{"name":"wp","href":"https:\/\/api.w.org\/{rel}","templated":true}]}}